?
5, 7, 13
Let t(u) = u**3 - 11*u**2 - u + 15. Let s be t(11). Let l = 7 - s. Suppose -6 = -0*a - l*a. List the prime factors of a.
2
Suppose 14*a + 3634 = 3*u + 12*a, a = u - 1211. What are the prime factors of u?
2, 3, 101
Suppose 3*d + 2*n - 30 = 0, -5*n - 40 = -3*d - d. Let s = 12 - d. Suppose s*v - v = 2. What are the prime factors of v?
2
Let j be 2 - 0*(-4)/(-16). Suppose -j*r + 19 = 3*s, -4*r + 0*s - 7 = -3*s. Suppose 0*y - r*g - 18 = -3*y, -4*y + 24 = 3*g. What are the prime factors of y?
2, 3
Let q(u) be the first derivative of -u**4/4 - 2*u**3 + 3*u**2 + 6*u - 5. What are the prime factors of q(-7)?
13
Let j(q) = -86*q + 9. Let o be j(2). Let w = -76 - o. What are the prime factors of w?
3, 29
Suppose -4*w = -9*w + 25. Let u be (25/w - 4) + 1. Suppose 2*z - 46 - 12 = 5*f, 58 = u*z + 5*f. What are the prime factors of z?
29
Suppose -13 = 4*q + 11. Let p(j) = -j - 6. Let i be p(q). Suppose i = -4*g - 0*g + 92. List the prime factors of g.
23
Let f(s) = 4*s**2 - 5. Let h(j) = 8*j - 49. Let p be h(7). What are the prime factors of f(p)?
191
Let r(h) = h**3 - 11*h**2 - 4*h - 13. Let j be r(11). Let p = j + 2. What are the prime factors of (-664)/(-22) - (-10)/p?
2, 3, 5
Let b be ((-48)/6)/(6/207). Let v = b - -463. What are the prime factors of v?
11, 17
Suppose -x = -2*g + 1 + 3, -3*x = -4*g + 8. Let i = 23 + x. What are the prime factors of i?
23
Let h be ((-3)/5)/(21/(-735)). Suppose 4*i = -5 + h. List the prime factors of i.
2
Suppose -4*v = 5*j - 2422, -j + 6*v = 3*v - 473. List the prime factors of j.
2, 241
Let p(b) = 5*b + 128. List the prime factors of p(-25).
3
Let u be 4/6*(-27)/(-2). Let j = u + 10. Suppose -15*y - 120 = -j*y. List the prime factors of y.
2, 3, 5
Suppose 4*j + 35*k = 36*k + 5984, 0 = -5*j + k + 7479. What are the prime factors of j?
5, 13, 23
Let a(q) = 3*q - 24. Let n be a(7). Let v(p) = -2*p**3 + 4*p**2 + 4*p. Let s be v(n). Let b = s + -42. What are the prime factors of b?
2, 3
Let j = 1899 - -1322. What are the prime factors of j?
3221
Suppose 2*u = -5*y + 260, 0 = u + 4*y - 68 - 68. Suppose -2*q + 4*r + u = 0, 0*q + 152 = 3*q + r. List the prime factors of q.
2, 13
Let h(j) = 2*j**3 + 13*j**2 + 20*j - 8. Let f(q) = q**3 - q**2 - q + 1. Let y(x) = -3*f(x) + h(x). List the prime factors of y(17).
7, 13
List the prime factors of 429 + -9*(-10)/90.
2, 5, 43
Let l be 4/8*(6 + -2). Let u be ((-15)/10)/((-1)/l). Suppose -102 = -u*x - 21. What are the prime factors of x?
3
Let s(t) = -15 + 5 + 8 - 2*t. Let q(l) = l + 2. Let b be q(-5). What are the prime factors of s(b)?
2
Let w = 4516 - 1710. What are the prime factors of w?
2, 23, 61
Let a = -197 + 120. What are the prime factors of (-6)/(-33) + (-3759)/a?
7
Suppose 0 = 4*s - 12, 4*g + 5*s = 2*s + 1281. What are the prime factors of g?
2, 3, 53
Suppose 5*o = -5*t, -4*t = 2*o - 1 + 9. Suppose -3*z + 223 = 5*r, 5*z - 193 - 191 = o*r. List the prime factors of z.
2, 19
Suppose -5*w + 14*w = -18. Suppose -5 = g + 7. Let i = w - g. What are the prime factors of i?
2, 5
Suppose 0 = -22*n + 25*n - 1149. List the prime factors of n.
383
Let v = -15 + 787. List the prime factors of v.
2, 193
Let t be 10 + -4 + -2*2. Suppose t*p + 20 = 3*l, p = -5*l - 2*p + 8. Let y(d) = d**3 - 5*d**2 + 8*d + 2. List the prime factors of y(l).
2, 3
Suppose 4 = -2*w + 2. Suppose 15*i + 3 = 16*i. List the prime factors of -2 - (i/w + -21).
2, 11
Let j be 1/4 + (-6)/24. Suppose -b + 14 + 32 = j. List the prime factors of b.
2, 23
Suppose 0 = -99*l + 27856 + 70946. What are the prime factors of l?
2, 499
List the prime factors of 2776765/1079 - (-6)/(-13).
31, 83
List the prime factors of 1295 + (-99)/(-5 - 6).
2, 163
Let p(s) = s**3 - 2*s + 7. Let j be p(-3). Let k = j - -10. What are the prime factors of 5/20 - 119/k?
2, 3, 5
Suppose y = -2*k + 2675, k - 1389 = y - 44. List the prime factors of k.
2, 5, 67
Let c = -18 + -8. Let a = -18 - c. List the prime factors of a.
2
Suppose 465*m - 461*m - 3300 = 0. List the prime factors of m.
3, 5, 11
What are the prime factors of -5 + 1/((-10272)/2056 - -5)?
2, 3, 7
Let i = 911 + -199. List the prime factors of i.
2, 89
Suppose -3*r + 5*b + 30 = 0, -r - 2*b = -5*r + 26. Let a = r - -7. List the prime factors of a.
2, 3
Let l be 3/(-1)*(23 - 22). Let m be 1 + 6 + 1 - l. Suppose -4*v = k - 38, -m = -3*k + 5*v + 52. List the prime factors of k.
2, 13
Let x(r) = -r**2 - 21*r + 83. List the prime factors of x(-24).
11
Let t(q) = -q**2 + 19*q - 38. Let a be t(13). Let o = 188 - a. What are the prime factors of o?
2, 37
Let v = -5614 + 10970. List the prime factors of v.
2, 13, 103
Let a = -198 + 342. What are the prime factors of a?
2, 3
Let d = -85 - -88. List the prime factors of 4344/24 + 1*d.
2, 23
Suppose -5*t = -5*j - 25, 8*t - 3*j - 21 = 3*t. Suppose d - 8 + t = 0. Suppose -15 = -d*k + 190. What are the prime factors of k?
41
Let r = 12 + 1. Let z = r + -10. Suppose -4*v = -43 + z. What are the prime factors of v?
2, 5
Suppose u = 2*o + 12, -2*o = -0*u - 3*u + 20. What are the prime factors of 63 - (o + 8 + -2)?
61
Let n(f) = 39*f**2 + 8*f - 2. List the prime factors of n(-1).
29
Let p(g) = g**3 - 6*g**2 + 6*g + 20. List the prime factors of p(10).
2, 3, 5
Suppose -5*d = 2*u - 390, -2*d = -d + u - 81. Suppose 3*i - i + 4*k = d, 2*k = 0. List the prime factors of i.
2, 19
Suppose -z + 48 + 18 = 0. Let a = 69 - z. What are the prime factors of a?
3
List the prime factors of -1 + 22 - 35/(-5).
2, 7
Suppose -4*j + 1778 = -0*j + g, 4*j - 4*g - 1788 = 0. What are the prime factors of j?
5, 89
Let j(o) = -o**3 - 12*o**2 - 3*o - 18. Let q be j(-12). Suppose -300 = 15*u - q*u. List the prime factors of u.
2, 5
Suppose 694 = -7*u + 2521. What are the prime factors of u?
3, 29
Let p(i) = -42*i - 2. Let v(n) = 41*n + 3. Let l(u) = -6*p(u) - 5*v(u). List the prime factors of l(1).
2, 11
Let k be (3 - 6)/(-3) + -1. Suppose k*u = 4*u - 12. Suppose 21 = -2*p + u*p. What are the prime factors of p?
3, 7
What are the prime factors of 6702/8 - (-15)/60?
2, 419
Suppose 0*t + 4*f = -2*t + 28, 0 = 4*t - 2*f - 16. Suppose 576 = t*u + 114. What are the prime factors of u?
7, 11
Suppose 58*s + 8401 - 59383 = 0. List the prime factors of s.
3, 293
Suppose 128*f - 133*f = -705. What are the prime factors of f?
3, 47
Let a be (2 + (-8)/(-4))*1/2. Suppose -5*p - n + 1125 = 0, a*p - 5*n - 477 = -0*p. List the prime factors of p.
2, 113
Suppose -2*c - 3*c + 11 = 2*p, -16 = -4*p - 4*c. Suppose 0*v + p*v = -5*l - 9, -2*v = -3*l + 6. List the prime factors of (3 - l)*(-42)/(-18).
7
Let i(j) = j + 12. Let c be i(0). Let m = 10 - c. What are the prime factors of -2 + 28 - (0 + m)?
2, 7
Suppose -7*w + 36 = 5*w. What are the prime factors of (39 + w)*5 - -2?
2, 53
Let s(n) = n**3 + 7*n**2 - 4*n - 9. Let d be s(-7). Let h = -14 + d. Suppose -h*a = -3*a - 40. List the prime factors of a.
2, 5
Suppose 6 = 2*d, 4*i + 3*d + 0*d = 657. Suppose -2*k - k = -i. What are the prime factors of k?
2, 3
Suppose 48 + 8 = 2*z. Suppose -m + 17 = k, 4*k = 3*m - 5*m + z. What are the prime factors of m?
2, 5
Let x(g) = 6536*g + 13*g**3 - 6536*g - 5*g**2 + 6 + 0. What are the prime factors of x(3)?
2, 3, 13
Let z be -1 - 1/(3 - 2). List the prime factors of ((-2)/z - 2)*(-42 + 1).
41
List the prime factors of (-340 + 343)*(926/3 - 0).
2, 463
Suppose -2209 = -31*p + 28*p - 5*j, -p = -5*j - 703. What are the prime factors of p?
2, 7, 13
Suppose -2*u + 2 = 0, 4*x - 298 - 339 = 3*u. What are the prime factors of x?
2, 5
Let g(o) be the third derivative of o**5/60 + 5*o**4/24 - o**3/3 + 4*o**2. Let l be g(-6). Suppose l*s - 20 = 8. What are the prime factors of s?
7
Suppose 3*k + 102*b - 9846 = 104*b, 4*k - 13108 = -4*b. What are the prime factors of k?
2, 5, 41
Let b be (-32)/(-15) + (-2 - 140/(-75)). Suppose 5 = -b*u + 73. List the prime factors of u.
2, 17
Let y(m) = m**2 - 5*m + 15 - 6*m - m + m. Let n be y(16). Suppose 0 = 2*w - n - 19. What are the prime factors of w?
3, 19
Let h be (-1)/(3/(-9) - 0). Suppose 0 - 3 = -h*z. Let l = z + 14. List the prime factors of l.
3, 5
Let l(d) = -d**3 - 14*d + 775. List the prime factors of l(0).
5, 31
Suppose 12 = 3*a - 4*s, -3*a + 4*s + 12 = -s. Suppose -2*h + 5*c - 11 = h, 0 = 3*h + 2*c + a. What are the prime factors of h/((-147)/48 + 3)?
2
Suppose 5*y + 1